-4
Let l(z) = 4*z - 14. Let x(s) = 21*s - 69. Let u(j) = -11*l(j) + 2*x(j). Let b = 3317 - 3312. Give u(b).
6
Let z(w) = 4*w + 1 - 6*w**2 + 3*w**3 + 5 - 20 - 4*w**3 + 3. Calculate z(-7).
10
Suppose -1 = 20*l - 21*l. Let g(x) = 0 + l + 5*x + 5*x - 9*x. Give g(0).
1
Let b(v) = -27*v + 54. Let p(a) = -9*a - 16. Let o be p(-3). Let l(c) = 5*c - 11. Let f(n) = o*l(n) + 2*b(n). Give f(8).
-5
Suppose 5*h + 23*h - 84 = 0. Let x(z) = z**3 - z**2 - 12*z + 5. Let j(v) = v**3 - 13*v + 6. Let w(g) = h*j(g) - 4*x(g). Give w(6).
-20
Let m be (9/(-2))/((-276)/(-56) + -5). Let x = 67 - m. Let p(r) = r**2 - 3*r + 1. Calculate p(x).
5
Let w(v) = -4*v**2 + 2*v + 1. Let h = -7 - -40. Let y = h + -31. Suppose y*n = n - 1. Determine w(n).
-5
Let z(a) = -113*a**2 - 6*a - 4. Let s(f) = -8*f**2 - f - 1. Let d(i) = -5*s(i) + z(i). Calculate d(1).
-73
Let p(v) = -2*v**2 - 35*v - 15. Let u be (-14)/7 + -4*1/(-2) - 17. Calculate p(u).
2
Let p(k) = 4*k - 183. Let b = 9515 - 9469. Give p(b).
1
Let m(z) = -30*z + 1445. Let c be m(48). Let b(u) be the second derivative of -u**5/20 + 5*u**4/12 + 7*u**3/6 - 3*u**2 + 5*u. Determine b(c).
29
Let q(p) = 3 + 3 + 2*p**3 - p - 5 + p**2 - 19*p**3. Suppose -3*c + 8 = -10. Let z(s) = 10*s - 59. Let m be z(c). Calculate q(m).
-16
Let h(m) = -91*m. Let z(g) = 94*g - 1. Let c(u) = h(u) + z(u). Let y = -3 + -1. Give c(y).
-13
Suppose -5*n = -2*n - 93. Let f(x) = -8 + 29*x - 85*x + n*x + 29*x. Determine f(6).
16
Let u be 29/((-2)/45*5/6). Let j = u - -786. Let r(v) = v**3 - 5*v**2 - 3*v + 1. Determine r(j).
-26
Let w(j) = -j**3 - 2*j**2 + 8*j - 4. Let s = -16 - -12. Let z be w(s). Let g(f) = 2*f + 0*f**2 + 4*f - f + 4 + f**2. Calculate g(z).
0
Let u be (-581)/(-35) + 2/5. Let r(o) = -2*o + 17. Let l be r(u). Let m = 16 + l. Let q(b) = 4*b**2 + b + 1. Calculate q(m).
4
Let b(u) be the second derivative of u**5/20 + u**4/12 - 2*u**3/3 - 2*u**2 - u + 1182. What is b(-5)?
-84
Suppose -101*x - 18 = -99*x - 5*k, -4*x = -5*k + 56. Let f(a) = -5*a - 79. Determine f(x).
16
Let a be (-65)/(-15) - (-6)/9. Let s(x) = 16 - a - 8 + 3 + 2*x. Let u be 4/(-14) + 116/14. Calculate s(u).
22
Let a(k) = -k**2. Let r be (-94 - 1)*(-44)/110. Suppose -5 = -11*v - r. Determine a(v).
-9
Let w(b) = 11 - 96*b + b**2 - 77*b + 169*b. What is w(8)?
43
Let r(c) be the first derivative of c**2 - 5*c - 1. Let g(m) be the third derivative of -m**5/60 + 3*m**4/8 - 13*m**3/6 - 17*m**2. Let f be g(6). What is r(f)?
5
Let t = -2706 + 2695. Let i(x) = -3*x - 13. What is i(t)?
20
Let t(p) = -3*p**2 + 2*p - 1. Suppose 164*f - 64 = 196*f. What is t(f)?
-17
Let k be -3 + (2 - 7)*4/5. Let g be (k - -3) + 0/(-1). Let o(q) = -3*q**2 + 11*q - 15. Let a(y) = y**2 - 5*y + 7. Let v(c) = 5*a(c) + 2*o(c). Give v(g).
1
Suppose -s + 2 - 4 = 0, -3*m + 3*s + 942 = 0. Let n = -314 + m. Let j(u) = -4*u + 7. Let f(a) = 3*a - 5. Let c(k) = 7*f(k) + 5*j(k). Determine c(n).
-2
Let o be (-20 + (-3839)/(-154))/(18/(-7)) - -2. Let z(l) be the third derivative of 0*l + o*l**4 + 13/6*l**3 + 29*l**2 + 0. Give z(-9).
-5
Let h(t) be the third derivative of 0*t - 1/3*t**3 + 3*t**2 + 1/24*t**4 - 10. Determine h(2).
0
Let m = 457 + -450. Let i be -21 + 5 + m - (-5 - -1). Let y(r) = -r**2 - 6*r + 6. What is y(i)?
11
Let r(z) = -z**3 - 8*z**2 - 6*z + 8. Let d(w) = w**3 - w**2 + 306*w + 616. Let v be d(-2). What is r(v)?
56
Suppose -24*c = -8*c - 160. Suppose -x = -c*x - 81. Let w(r) = -r**3 - 10*r**2 - 11*r + 4. What is w(x)?
22
Let c be 9/(-7) - (-38)/133. Let q be c - (-1 + 4)*1. Let t(z) = z**2 - z - 1. Let u(w) = 5*w**2 - 10*w - 2. Let p(a) = q*t(a) + u(a). Determine p(7).
9
Let q(v) = -11*v + 142. Suppose 4*h = g + 50, 0 = -5*h - 4*g + 255 - 182. Determine q(h).
-1
Suppose f + 0 = 3*q - 14, 0 = -18*f - 2*q - 644. Let w(n) = -n**2 - 32*n + 111. Calculate w(f).
6
Let q(y) = -y**3 + 6*y**2 + y + 4. Suppose 2*b - 5 - 1 = -4*a, 2*a - 3*b - 7 = 0. Suppose -a*r = -r - 6. Calculate q(r).
10
Let s(c) = 7*c**2 - 32*c - 59. Let g(j) = 19*j**2 - 93*j - 176. Let i(v) = -4*g(v) + 11*s(v). What is i(-17)?
4
Let o(z) = z**3 + 4*z**2 - 7*z - 5. Let d be o(-5). Let v(u) = -d*u**2 - 7*u - 1475 + u**3 - u**2 + 1483. Determine v(7).
8
Let y(d) = -1. Let s(p) = -p**3 + 5*p**2 + 5*p - 4. Let k(h) = s(h) - 5*y(h). Let v be 6/4*440/60. Let u be (-36)/(-66) + 60/v. What is k(u)?
-5
Suppose 0 = 5*m - 4*l + 18, -2*l + 133 - 115 = -4*m. Let t(u) = 2*u + 21. Let z be t(-9). Let r(h) = 5*h + 9 + z*h + 4*h**3 - 3*h**3 + 7*h**2 - h. Give r(m).
3
Let m = -24858 - -24874. Let s(k) = -k**3 + 14*k**2 + 29*k + 6. Determine s(m).
-42
Let a(i) = -i + 3. Let t be a(6). Let b(v) = -3*v**3 - 8*v**2 + 42. Let x(y) = 25*y**3 + 67*y**2 + y - 346. Let p(z) = 33*b(z) + 4*x(z). Calculate p(t).
-1
Suppose -3 = 4*s - 5*f - 8, -f = -s. Let q(g) be the third derivative of 0*g**4 - 2*g**2 + 0 + 0*g - 1/3*g**3 - 1/60*g**5. What is q(s)?
-27
Let w = 12 + 3. Let b = -7 + w. Suppose -b*r - 1 = -7*r. Let n(u) = -7*u - 1. What is n(r)?
6
Suppose -4*p - 36 = -2*c - 9*p, 5*p - 44 = -3*c. Let d(w) = 59*w**3 - 6 + 5*w**3 + 7*w**2 - 30*w**3 - 35*w**3 + 9*w. Give d(c).
2
Let p(r) = 3*r + 11. Let m = 732 - 499. Let l = 224 - m. Give p(l).
-16
Let s(i) = 2*i**3 - 5*i**2 - 3*i - 3. Let f be (-6)/(-117)*-75 - 2/13 - -1. What is s(f)?
-93
Suppose -3*u + 24 = 3*c, c - 2*c + 14 = 3*u. Suppose c*x - 4*m = 16, 3*x - 6*x + 10 = -2*m. Suppose 0 = -v + 5*v + x. Let j(t) = t**2 - t - 1. Calculate j(v).
1
Let w(u) = -21*u + 6. Suppose -50*d + 17*d + 410 = 377*d. Give w(d).
-15
Let f = 4725 + -4743. Let u(p) = 2*p**3 + 34*p**2 - 33*p + 53. What is u(f)?
-1
Let x(k) = -16*k + 200. Let y be -7*(-8)/196 - 1066/(-91). Calculate x(y).
8
Let w(q) = -q**2 + 4*q - 3. Let l(a) = -42*a - 143. Let y be l(-3). Let o be -2*3/(-5 - y)*-10. What is w(o)?
-8
Let b(g) = -g**2 + 2*g + 8. Let m be b(-2). Let s(a) = -9*a - 7*a**3 + m + 3*a - 3*a**2 + 8*a**3 + 2. What is s(4)?
-6
Let o(w) = 5*w - 28. Let u be o(6). Let s be (-7 + 7)*u/(-4). Suppose 3*b + 4*b + 49 = s. Let z(j) = -j**3 - 7*j**2 + 3*j + 2. Give z(b).
-19
Let j(l) = -l. Let t(f) = 8*f + 6. Let x = -85 + 83. Let k be -2 + 0 + x/(6/(-9)). Let n(s) = k*t(s) + 4*j(s). What is n(-4)?
-10
Let d(o) be the third derivative of o**4/24 - 2*o**3/3 - o**2 - 36*o + 9. Let z = 7 - 11. Calculate d(z).
-8
Let i(a) = a - 137. Let u(d) = d + 39. Let f(n) = i(n) + 4*u(n). Give f(-3).
4
Let c(o) = 4*o - 1. Let x be c(1). Let b(j) = 2*j - 32. Let n(u) = 2*u - 42. Let l(s) = 4*b(s) - 3*n(s). Calculate l(x).
4
Let c(d) = 4 - 15126*d**2 - 3*d**3 + 6*d + 15*d - 21*d + 15123*d**2. Give c(-3).
58
Let p(c) be the third derivative of -c**7/840 + c**6/45 + c**5/120 + c**4/3 + 157*c**3/6 + 345*c**2. Let n(a) be the first derivative of p(a). Determine n(8).
16
Let z(o) = -21*o**2 + 36*o - 8. Let h(w) = 4*w**2 - 3*w - 1. Let b(n) = 5*h(n) + z(n). Determine b(20).
7
Let t = -11 - -5. Let d(x) = -21 - 21 + x + 41 - 4*x - 6. Give d(t).
11
Let r(j) be the third derivative of -13/3*j**3 + 0 - 21*j**2 + 1/12*j**4 + 3*j. Determine r(15).
4
Let w(o) = -26 - 35 + 84*o + 124 - 17*o**2 - 33 - 28. Determine w(5).
-3
Let m = -93160 - -93158. Let b = -3 + 5. Let d(g) = -g - g + b - 7*g. Determine d(m).
20
Let b(s) be the first derivative of 1/4*s**4 + 3*s + 5/3*s**3 + 42 + 2*s**2. Let n = 5 - 9. Calculate b(n).
3
Let f(v) = -17*v**2 - 39*v - 8. Let y(n) = 37*n**2 + 81*n + 15. Let t(h) = -13*f(h) - 6*y(h). Calculate t(6).
104
Let a(k) be the third derivative of -k**6/120 + 5*k**4/24 - 13*k**3/6 - 5070*k**2. Determine a(-3).
-1
Let w(l) = 2*l**3 + 75*l**2 - 570*l + 86. Let g be w(-44). Let o(y) = -2*y**2 + y. What is o(g)?
-10
Suppose 30*z - 35*z + 77 = 4*f, 0 = -4*f + z + 23. Let g(a) be the third derivative of a**5/60 - 5*a**4/12 + 11*a**3/6 + 2*a**2. Give g(f).
-5
Let d be 5/(-25) + (-38)/10. Let t(f) = 6 + 1551727*f**3 + 4*f**2 + 4*f - 1551726*f**3 + 0*f**2. Give t(d).
-10
Let l(j) be the first derivative of j**4/4 + 4*j**3 - 6*j**2 + 13*j + 2. Let g be (1/1 - 15) + 1. Give l(g).
0
Let f(b) = -2*b**3 - 48*b**2 + 104*b - 2. Let v be f(-26). Let j(g) = -5*g + 5*g + 5*g**2 + 1 - 2*g**2 + 2*g + g**3. What is j(v)?
1
Suppose 2*x + 11*s = 15*s + 60, 3*s - 5 = -x. Let w(y) = 0*y + y - x + 4 + 9 - 2*y. What is w(-6)?
-1
Let g be -1*((-92)/10)/(44/110). Suppose 0 = g*l - 30*l. Let i(a) = a**3 + a